 - (f + 2) - (-318)/2?
6
What is the tens digit of ((-22)/3 - -6)*3 - -3114?
1
Let i = 1829 - 846. What is the tens digit of i?
8
Let v(u) = -408*u + 335. What is the units digit of v(-10)?
5
What is the tens digit of 3 + 1 + (1384 - 7)?
8
Let m(z) = z**2 + 5*z + 42. Let r(t) = t**2 + 4*t + 42. Let q be (12/18)/(4/(-18)). Let v(l) = q*m(l) + 4*r(l). What is the tens digit of v(0)?
4
What is the tens digit of 3 - -217 - 0 - 5?
1
Suppose 5*l - 1435 = 635. What is the units digit of l?
4
Let x = -575 + 4502. What is the tens digit of x?
2
Let h(z) = -z**3 + 2*z**2 - 33*z + 3. What is the tens digit of h(-7)?
7
Suppose 4*t - 2*w - 1670 = 0, -2*w = -5*t - 0*t + 2086. Suppose 11*i - t - 376 = 0. What is the tens digit of i?
7
Let y = -357 + 3344. What is the thousands digit of y?
2
Let r(m) = 357*m**2 + 58*m - 2. What is the thousands digit of r(-2)?
1
Suppose 0 = -4*q - 4*w - 156, 4*q - w - 67 + 208 = 0. What is the tens digit of 26/(4/q*-6)?
3
Let s = -37 + 39. Suppose s = 3*n - 679. What is the tens digit of n?
2
Suppose -2*v + 19 = -39. Suppose -w = -3*a - v, -a - 33 = -w - 4*w. Let y(m) = 2*m**2 + 13*m + 11. What is the units digit of y(a)?
5
Let m(r) be the second derivative of r**4/4 - r**3/3 - r**2/2 - 6*r. Let p be m(2). What is the units digit of (-1 - -1) + 56/p?
8
Suppose -2*u + 1417 = -2727. What is the hundreds digit of u?
0
Let b = -4 + 6. Let o(m) = -3*m + m**b - m + 1 + 4*m + 2*m - m**3. What is the tens digit of o(-3)?
3
Let q(n) = -12*n**2 - 16*n + 28. Let c(k) = -4*k**2 - 5*k + 9. Let g(o) = -16*c(o) + 5*q(o). What is the units digit of g(-3)?
2
Let z be -4 - (-1)/(5/20). Suppose 5*c = -s + 157 + 133, -4*s = z. What is the units digit of c?
8
Let r = -6093 - -8580. What is the thousands digit of r?
2
Suppose 4*x - 3927 - 2133 = 0. What is the tens digit of x?
1
Suppose 35 = 4*j + 2*g - 5, 5*g - 55 = -5*j. What is the units digit of -15*(-12)/j + 0?
0
Let x be ((-375)/(-100))/((-1)/8*-1). What is the units digit of (-6)/x + (-2)/10*-901?
0
What is the units digit of ((-270)/(-8))/(441/43512)?
0
Suppose 787 = 5*m - 2*c, -m + 154 = 18*c - 15*c. What is the units digit of m?
7
Suppose -j + 10 = -2. What is the units digit of (-34)/3*j/(-4)?
4
Let h = 852 - 601. Suppose h = r + 218. What is the tens digit of r?
3
Let q(d) be the third derivative of 7*d**4/24 - d**3 - 7*d**2. Let u be q(-11). Let c = 127 + u. What is the tens digit of c?
4
Let p(d) = 2*d**2 - d + 7. Let y be p(-4). Suppose -v + 2*v = y. What is the tens digit of v?
4
Let m(z) = -z - 10. Let u be m(-10). Suppose -4*n + 10 + 30 = u. What is the units digit of (228/n)/(16/40)?
7
Let r = -10 + 13. Suppose -o = -r*o - 42. Let d = o + 31. What is the tens digit of d?
1
Suppose 115*w - 40 = 119*w. What is the units digit of (-100)/(-40)*(-84)/w?
1
Suppose -14*q = -3*q - 5918. What is the units digit of q?
8
Let h(x) = 120*x**2 - 3*x + 10. What is the tens digit of h(3)?
8
Let k(y) = 830*y**2 - 70*y + 144. What is the hundreds digit of k(2)?
3
Suppose 65*w + 19283 = 76*w. What is the tens digit of w?
5
What is the tens digit of 3/(-2)*(-549 + -2 + -7)?
3
Suppose -2*d - 2 - 4 = 0, 0 = q + 3*d - 363. What is the tens digit of q?
7
Suppose 5*a - 4*h - 1312 = 0, 0 = 3*a + 4*h - 984 + 184. Suppose 764 = 5*y + a. What is the hundreds digit of y?
1
What is the tens digit of -828*(19 + -21 - 2/(-4))?
4
Suppose -5*m + 8569 - 689 = 0. What is the units digit of m?
6
Suppose 16 = -8*z - 0. What is the tens digit of (-78)/z - (6 + -7)?
4
Let q be 4 - 3 - (1 - -1). Let c be (19 - q)*(-3)/(-12). Suppose c*z = 3*z + 22. What is the units digit of z?
1
Let k(s) = -3*s**2 - 9*s + 5. Let d(c) = 8*c**2 + 27*c - 14. Let w(n) = -6*d(n) - 17*k(n). What is the tens digit of w(7)?
8
Let t be -3*(20/(-6) + 1). Suppose 2*x - t*x = -130. What is the tens digit of x?
2
Let z = 80 + -78. Suppose z*x = 2*q + 246, -21 = -x - 3*q + 98. What is the tens digit of x?
2
What is the hundreds digit of (2 - -1)*744/18?
1
Let y(o) = 20*o**2 + 31*o - 7. What is the hundreds digit of y(-13)?
9
Let j be 6/4*(-16)/(-12). Suppose -2*n + 13 = 5*b, -j*n + 1 + 3 = -4*b. Suppose m - 14 = -h, b = -3*m + h + 23. What is the units digit of m?
9
Let k(h) = 35*h**2 + 15*h - 7. What is the tens digit of k(3)?
5
Suppose -2*x - 3 = -3*x, -5*j - 4*x + 967 = 0. What is the tens digit of j?
9
Suppose 3*q + 91 = j + 13, 4*j = q + 15. Let c = -8 + 5. What is the tens digit of ((-22)/c)/((-18)/q)?
1
Suppose 0 = 2*w + 3*t + 2*t - 31, t - 2 = w. Suppose 28 = w*r - 53. What is the tens digit of r?
2
Suppose -4*l = -5*u - 2479, 2*l + 29*u - 1241 = 30*u. What is the tens digit of l?
2
Suppose -24*k + 10248 = 4*k. What is the hundreds digit of k?
3
Suppose 0 = 4*j - m - 5810, j + 5*m - 1280 - 183 = 0. What is the tens digit of j?
5
Suppose y + x = 382, 3*y - 873 - 279 = 3*x. What is the tens digit of y?
8
Let r = -395 + 403. What is the units digit of r?
8
Suppose -6*o + 69 = -93. Suppose -2*p = j - 7 - 16, -3*p = -j - o. What is the units digit of p?
0
Suppose g - t = 28, 2*t = 4*g - 0*t - 104. Let r be ((g + -4)/2)/2. Suppose r*k - 15 = -5, -2*k + 80 = 4*v. What is the tens digit of v?
1
Let i = 3 + -1. Suppose 2*w - 3 = 73. Suppose -u = -5*f + 140, i*f + 0*f - 4*u = w. What is the tens digit of f?
2
Suppose -9 = 3*m, 4 = -2*g - 2*m + 2. Suppose 3 + 1 = 2*d, 5*j - g*d - 51 = 0. Let r = j - 5. What is the units digit of r?
6
Let x(b) = -b - 1. Let g be x(-3). Suppose 119 = 5*t - 2*d, g*t - 5*d = -0*d + 56. Suppose 4*w - 155 = -t. What is the tens digit of w?
3
Suppose 0 = 4*v - 475 - 1325. Suppose v = -4*t + 7*t. What is the hundreds digit of t?
1
Let w(j) = 54 + 5*j**2 - j**2 - j - 3*j**2. What is the units digit of w(0)?
4
Suppose 0 = -11*d - 457 - 423. What is the hundreds digit of -4*15/d - 2250/(-8)?
2
Suppose w = -2, 12 = 5*m - 5*w - 8. Suppose -38 + 162 = m*q - 4*t, 5*q + 2*t - 250 = 0. What is the units digit of q?
2
What is the tens digit of (485 - 3) + 3/1?
8
Suppose 3*h + 5*c - 30 = -0*c, -2*c = 2*h - 16. Let o(w) = -6912*w - 5*w**2 + 2*w**3 + 1 - w**3 + 6919*w. What is the tens digit of o(h)?
3
Suppose 65*y - 2784 = 57*y. What is the hundreds digit of y?
3
Suppose -3*h - 5 = -8*h, 0 = -m + h + 340. What is the hundreds digit of m?
3
Let k(p) = p**2 + 12*p + 23. Let q be k(-10). Let x be q/4 - (-175)/28. Let d(b) = b**3 - 5*b**2 - 9*b - 5. What is the units digit of d(x)?
0
Let p be ((-4)/5)/(10/(-25)). Let g be (-38)/(-2) + p + -2. Let x = g + 3. What is the units digit of x?
2
Let w(p) = -p - 20. Let k be w(0). Let q be (-66)/(-5)*k/(-6). Suppose q = 4*h + 2*y, 3*y - 7 = -3*h + 20. What is the units digit of h?
3
Let c be 3/6 + (-98)/(-4). Let k = 281 + -214. Suppose -c = 5*y - 0*y, 2*j = -y + k. What is the units digit of j?
6
Let w(i) = -i**3 + 10*i**2 - 5*i - 2. Let v be w(6). Suppose 5*q + 108 = 5*p - 32, -4*p = 3*q - v. What is the tens digit of p?
2
Let p be (2/(-4))/(3215/(-1070) + 3). Let d = p - 52. What is the tens digit of d?
5
What is the tens digit of 6/8 + (-122854)/(-152)?
0
Let p be ((-7)/(-14))/((-2)/12). Let a be -6 - p - (-116 - -2). Suppose 0 = -5*u + i + a - 40, -u + 4*i = 1. What is the tens digit of u?
1
Let n = 70 - 126. Let z = n + 102. Suppose 3*y + 1 - z = 0. What is the units digit of y?
5
Let f(l) = 4*l**2 + 1. Let v be (44/12 + -4)*0. Suppose -12*j + 16*j - 16 = v. What is the units digit of f(j)?
5
Suppose -2*p = -d - 1798, 4469 = 5*p + d + 3*d. What is the hundreds digit of p?
8
What is the units digit of (-16 + 17)/(3/477)?
9
Suppose 71*o - 31712 = 63*o. What is the tens digit of o?
6
Suppose 3*l - 2*r = 15 + 338, 2*l = 3*r + 242. What is the hundreds digit of l?
1
Suppose d - 46 = -5*a, a = -d - d + 11. Let i = a - 5. What is the units digit of 3/(i*(-15)/(-1400))?
0
Let n(a) = 3*a**3 - 9*a**2 - 32*a - 6. What is the hundreds digit of n(7)?
3
Let q(k) = k**3 + k - 1. Let i(f) = 4*f**3 - 9*f**2 + 6*f - 10. Let a(v) = i(v) - 3*q(v). What is the tens digit of a(9)?
2
Let k be (-35)/10*(-4)/7. Suppose -k*y + 156 = 5*q + y, -3*q = -y - 88. What is the units digit of q?
0
Let g be (17/(-4))/((-2)/8). Let p = -15 + g. Suppose -p*k + 25 + 69 = 0. What is the tens digit of k?
4
What is the hundreds digit of ((-3 + 5)*-4)/((-10)/465)?
3
Suppose 3*d + 16 = -k, -3*d = 4*k + d + 104. Let c = -28 - k. What